{"id":17727,"date":"2025-08-30T01:22:57","date_gmt":"2025-08-29T23:22:57","guid":{"rendered":"http:\/\/zszychlin.com.pl\/?page_id=17727"},"modified":"2025-08-30T21:47:33","modified_gmt":"2025-08-30T19:47:33","slug":"kadra","status":"publish","type":"page","link":"http:\/\/zszychlin.com.pl\/index.php\/kadra\/","title":{"rendered":"KADRA"},"content":{"rendered":"\n<ul class=\"wp-block-list\">\n<li><strong><mark style=\"background-color:rgba(0, 0, 0, 0)\" class=\"has-inline-color has-vivid-cyan-blue-color\">RENATA GANOWICZ \u2013 MUSZY\u0143SKA <\/mark><\/strong><br><em><strong>DYREKTOR SZKO\u0141Y<\/strong><\/em>, pedagog szkolny<\/li>\n<\/ul>\n\n\n\n<ul class=\"wp-block-list\">\n<li><strong><mark style=\"background-color:rgba(0, 0, 0, 0)\" class=\"has-inline-color has-vivid-cyan-blue-color\">BEATA SKIBISZEWSKA<\/mark><\/strong><br><em><strong>WICEDYREKTOR SZKO\u0141Y<\/strong><\/em>, nauczyciel j\u0119zyka polskiego<\/li>\n<\/ul>\n\n\n\n<ul class=\"wp-block-list\">\n<li><strong>EWELINA ANDRZEJAK<\/strong><br>nauczyciel edukacji wczesnoszkolnej, wychowawcka klasy IA, pedagog szkolny<\/li>\n<\/ul>\n\n\n\n<ul class=\"wp-block-list\">\n<li><strong>NATALIA BALCE\u017bAK<\/strong><br>nauczyciel wychowania przedszkolnego<\/li>\n<\/ul>\n\n\n\n<ul class=\"wp-block-list\">\n<li><strong>MA\u0141GORZATA BERLI\u0143SKA <\/strong><br>nauczyciel edukacji wczesnoszkolnej, wychowawca klasy IIIB, nauczyciel specjalista<\/li>\n<\/ul>\n\n\n\n<ul class=\"wp-block-list\">\n<li><strong>ZOFIA B\u0141ASZCZYK <\/strong><br>opiekun gromady zuchowej, logopeda<\/li>\n<\/ul>\n\n\n\n<ul class=\"wp-block-list\">\n<li><strong>KAMILA BOREK <\/strong> <br>nauczyciel j\u0119zyka angielskiego, wychowawca klasy IVB<\/li>\n<\/ul>\n\n\n\n<ul class=\"wp-block-list\">\n<li><strong>AGNIESZKA BRYL<\/strong> <br>nauczyciel wychowania przedszkolnego<\/li>\n<\/ul>\n\n\n\n<ul class=\"wp-block-list\">\n<li><strong>TOMASZ BRZEZI\u0143SKI <\/strong> <br>nauczyciel muzyki, nauczyciel specjalista<\/li>\n<\/ul>\n\n\n\n<ul class=\"wp-block-list\">\n<li><strong>KAROLINA BUDNA<\/strong><br>nauczyciel j\u0119zyka angielskiego, nauczyciel wsp\u00f3\u0142organizuj\u0105cy\u00a0kszta\u0142cenie, nauczyciel specjalista, koordynator projektu e_Twinning<\/li>\n<\/ul>\n\n\n\n<ul class=\"wp-block-list\">\n<li><strong>PAULINA CYPRYSIAK<\/strong> <br>nauczyciel j\u0119zyka angielskiego, wychowawca klasy V A<\/li>\n<\/ul>\n\n\n\n<ul class=\"wp-block-list\">\n<li><strong>NATALIA DRZEWIEC<\/strong><br>nauczyciel wsp\u00f3\u0142organizuj\u0105cy kszta\u0142cenie<\/li>\n<\/ul>\n\n\n\n<ul class=\"wp-block-list\">\n<li><strong>SYLWIA CZ\u0104STKA <\/strong> <br>nauczyciel wychowania przedszkolnego, wychowawca grupy przedszkolnej<\/li>\n<\/ul>\n\n\n\n<ul class=\"wp-block-list\">\n<li><strong>MONIKA J\u0104KALSKA <\/strong> <br>nauczyciel j\u0119zyka niemieckiego, edukacji zdrowotnej, bibliotekarz, wychowawca klasy VIB<\/li>\n<\/ul>\n\n\n\n<ul class=\"wp-block-list\">\n<li><strong>NATALIA KANTANISTA<\/strong> <br> nauczyciel edukacji wczesnoszkolnej, nauczyciel j\u0119zyka angielskiego, wychowawca klasy IIB<\/li>\n<\/ul>\n\n\n\n<ul class=\"wp-block-list\">\n<li><\/li>\n<\/ul>\n\n\n\n<ul class=\"wp-block-list\">\n<li><strong>JOANNA KOLSKA<\/strong> <br>nauczyciel wychowania przedszkolnego, wychowawca grupy przedszkolnej<\/li>\n<\/ul>\n\n\n\n<ul class=\"wp-block-list\">\n<li><strong>MAREK KO\u015aCIELSKI <\/strong> <br>nauczyciel historii, wiedzy o spo\u0142ecze\u0144stwie, wychowania fizycznego, wychowawca klasy VIIIB<\/li>\n<\/ul>\n\n\n\n<ul class=\"wp-block-list\">\n<li><strong>JOLANTA KOWALCZYK <\/strong> <br>nauczyciel plastyki, opiekun ch\u00f3ru szkolnego, opiekun \u015bwietlicy<\/li>\n<\/ul>\n\n\n\n<ul class=\"wp-block-list\">\n<li><strong>IWONA KOWALSKA<\/strong><br>nauczyciel biologii<\/li>\n<\/ul>\n\n\n\n<ul class=\"wp-block-list\">\n<li><strong>KARINA KUBICKA <\/strong> <br>nauczyciel j\u0119zyka polskiego, wychowawca klasy VII<\/li>\n<\/ul>\n\n\n\n<ul class=\"wp-block-list\">\n<li><strong>MA\u0141GORZATA KUCAL &#8211; W\u0104TROBA <\/strong><br>nauczyciel j\u0119zyka polskiego<\/li>\n<\/ul>\n\n\n\n<ul class=\"wp-block-list\">\n<li><strong>MILENA KUJAWSKA<\/strong><br>nauczyciel wychowania przedszkolnego, wychowawca grupy przedszkolnej<\/li>\n<\/ul>\n\n\n\n<ul class=\"wp-block-list\">\n<li><strong>AGNIESZKA KWIATKOWSKA <\/strong> <br>nauczyciel edukacji wczesnoszkolnej, opiekun \u015bwietlicy, wychowawca klasy IIIA, koordynator Szko\u0142y Promuj\u0105cej Zdrowie<\/li>\n<\/ul>\n\n\n\n<ul class=\"wp-block-list\">\n<li><strong>AGATA LEWANDOWSKA<\/strong><br>nauczyciel biologii<\/li>\n<\/ul>\n\n\n\n<ul class=\"wp-block-list\">\n<li><strong>\u0141UKASZ LIZIK<\/strong><br>nauczyciel wsp\u00f3\u0142organizuj\u0105cy\u00a0kszta\u0142cenie, nauczyciel specjalista<\/li>\n<\/ul>\n\n\n\n<ul class=\"wp-block-list\">\n<li><strong>EDYTA MAS\u0141OWSKA <\/strong> <br>nauczyciel edukacji wczesnoszkolnej, wychowawca IIA<\/li>\n<\/ul>\n\n\n\n<ul class=\"wp-block-list\">\n<li><strong>DOROTA MAZURKIEWICZ \u2013 GRZANKA <\/strong> <br>nauczyciel j\u0119zyka polskiego, pedagog szkolny<\/li>\n<\/ul>\n\n\n\n<ul class=\"wp-block-list\">\n<li><strong>ALINA MICHALSKA<\/strong> <br>nauczyciel fizyki, matematyki<\/li>\n<\/ul>\n\n\n\n<ul class=\"wp-block-list\">\n<li><strong>HANNA NOWAK <\/strong> <br>psycholog, opiekun \u015bwietlicy<\/li>\n<\/ul>\n\n\n\n<ul class=\"wp-block-list\">\n<li><strong>MA\u0141GORZATA PIETRUSZKA<\/strong> <br>nauczyciel wychowania przedszkolnego,  wychowawca grupy przedszkolnej<\/li>\n<\/ul>\n\n\n\n<ul class=\"wp-block-list\">\n<li><strong>JOANNA POGORZELSKA <\/strong> <br>nauczyciel religii, nauczyciel wiedzy o spo\u0142ecze\u0144stwie, opiekun \u015bwietlicy<\/li>\n<\/ul>\n\n\n\n<ul class=\"wp-block-list\">\n<li><strong>ANDRZEJ RUSIN <\/strong> <br>nauczyciel edukacji dla bezpiecze\u0144stwa <\/li>\n<\/ul>\n\n\n\n<ul class=\"wp-block-list\">\n<li><strong>ELIZA PIECHOCKA<\/strong><br>nauczyciel wychowania fizycznego, wychowawca klasy VIII A<\/li>\n<\/ul>\n\n\n\n<ul class=\"wp-block-list\">\n<li><strong>DAWID SIWEK<\/strong><br>nauczyciel wychowania fizycznego, opiekun \u015bwietlicy<\/li>\n<\/ul>\n\n\n\n<ul class=\"wp-block-list\">\n<li><strong>MARTA STAROSTA<\/strong><br>nauczyciel edukacji wczesnoszkolnej<\/li>\n<\/ul>\n\n\n\n<ul class=\"wp-block-list\">\n<li><strong>DOROTA STASZAK<\/strong><br>nauczyciel wychowania przedszkolnego<\/li>\n<\/ul>\n\n\n\n<ul class=\"wp-block-list\">\n<li><strong>PATRYCJA SZCZEPANKIEWICZ<\/strong><br>nauczyciel religii, nauczyciel wsp\u00f3\u0142organizuj\u0105cy\u00a0kszta\u0142cenie, nauczyciel specjalista<\/li>\n<\/ul>\n\n\n\n<ul class=\"wp-block-list\">\n<li><strong>EWELINA SZKUDLAREK &#8211; POTRZEBOWSKA<\/strong><br>nauczyciel edukacji wczesnoszkolnej, wychowawca klasy IB, logopeda, pedagog specjalny<\/li>\n<\/ul>\n\n\n\n<ul class=\"wp-block-list\">\n<li><strong>PATRYCJA SZYMCZAK<\/strong> <br>nauczyciel chemii, preorientacji zawodowej, informatyki, wychowawca klasy VI A, administrator strony internetowej, administrator e-dziennika<\/li>\n<\/ul>\n\n\n\n<ul class=\"wp-block-list\">\n<li><strong>ARTUR \u015aWI\u0104TEK<\/strong> <br>nauczyciel wychowania fizycznego, edukacji zdrowotnej<\/li>\n<\/ul>\n\n\n\n<ul class=\"wp-block-list\">\n<li><strong>LIDIA TYLAK<\/strong><br>nauczyciel wsp\u00f3\u0142organizuj\u0105cy kszta\u0142cenie, nauczyciel specjalista<\/li>\n<\/ul>\n\n\n\n<ul class=\"wp-block-list\">\n<li><strong>MAGDALENA URBANIAK<\/strong> <br>nauczyciel matematyki, wychowawca klasy V B, administrator strony internetowej<\/li>\n<\/ul>\n\n\n\n<ul class=\"wp-block-list\">\n<li><strong>ILONA WALERYSIAK<\/strong> <br>nauczyciel przyrody,\u00a0geografii, techniki, matematyki<\/li>\n<\/ul>\n","protected":false},"excerpt":{"rendered":"","protected":false},"author":1,"featured_media":0,"parent":0,"menu_order":0,"comment_status":"closed","ping_status":"closed","template":"","meta":{"ngg_post_thumbnail":0,"footnotes":""},"class_list":["post-17727","page","type-page","status-publish","hentry","two-columns"],"_links":{"self":[{"href":"http:\/\/zszychlin.com.pl\/index.php\/wp-json\/wp\/v2\/pages\/17727","targetHints":{"allow":["GET"]}}],"collection":[{"href":"http:\/\/zszychlin.com.pl\/index.php\/wp-json\/wp\/v2\/pages"}],"about":[{"href":"http:\/\/zszychlin.com.pl\/index.php\/wp-json\/wp\/v2\/types\/page"}],"author":[{"embeddable":true,"href":"http:\/\/zszychlin.com.pl\/index.php\/wp-json\/wp\/v2\/users\/1"}],"replies":[{"embeddable":true,"href":"http:\/\/zszychlin.com.pl\/index.php\/wp-json\/wp\/v2\/comments?post=17727"}],"version-history":[{"count":10,"href":"http:\/\/zszychlin.com.pl\/index.php\/wp-json\/wp\/v2\/pages\/17727\/revisions"}],"predecessor-version":[{"id":19683,"href":"http:\/\/zszychlin.com.pl\/index.php\/wp-json\/wp\/v2\/pages\/17727\/revisions\/19683"}],"wp:attachment":[{"href":"http:\/\/zszychlin.com.pl\/index.php\/wp-json\/wp\/v2\/media?parent=17727"}],"curies":[{"name":"wp","href":"https:\/\/api.w.org\/{rel}","templated":true}]}}