{"id":297,"date":"2016-01-24T22:02:36","date_gmt":"2016-01-24T21:02:36","guid":{"rendered":"http:\/\/wp.zszychlin.com.pl\/?page_id=297"},"modified":"2025-11-29T23:18:37","modified_gmt":"2025-11-29T22:18:37","slug":"dokumenty","status":"publish","type":"page","link":"http:\/\/zszychlin.com.pl\/index.php\/dokumenty\/","title":{"rendered":"DOKUMENTY"},"content":{"rendered":"\n<ul class=\"wp-block-list\">\n<li><a href=\"https:\/\/drive.google.com\/file\/d\/1sFWl8iowdnYkFXRG_cKuIDDYBQIfOufC\/view?usp=sharing\" target=\"_blank\" rel=\"noreferrer noopener\">STATUT<\/a><\/li>\n\n\n\n<li><a href=\"https:\/\/drive.google.com\/file\/d\/1Jc-8ZFZHxWiKab2pb1CCa07bGR5BK3hN\/view?usp=sharing\">PROGRAM WYCHOWAWCZO-PROFILAKTYCZNY<\/a><\/li>\n\n\n\n<li><a href=\"https:\/\/drive.google.com\/file\/d\/1FbfzPzJ9PMihaoToyqeDuyHqU4NDyGW1\/view?usp=sharing\" target=\"_blank\" rel=\"noreferrer noopener\">STANDARDY OCHRONY MA\u0141OLETNICH<\/a><\/li>\n\n\n\n<li><a href=\"https:\/\/drive.google.com\/file\/d\/1k7UG68LhnpsHq3qMP0huEoJXwMHuO7Bz\/view?usp=sharing\" target=\"_blank\" rel=\"noreferrer noopener\"><span style=\"color: #0000ff;\">REGULAMIN \u015aWIETLICY SZKOLN<\/span>EJ<\/a><\/li>\n\n\n\n<li><a href=\"https:\/\/drive.google.com\/file\/d\/1gSwGB4R2-CAYM3DxvTHDHpq0d6FHhTgN\/view?usp=sharing\">REGULAMIN DYSKOTEKI SZKOLNEJ<\/a><\/li>\n\n\n\n<li><a href=\"https:\/\/drive.google.com\/file\/d\/1V-Rk338Z2intVpeuDuh8V9fpZyNRaLEW\/view?usp=sharing\" target=\"_blank\" rel=\"noreferrer noopener\">OFERTA UBEZPIECZENIA<\/a><\/li>\n\n\n\n<li><a href=\"https:\/\/drive.google.com\/file\/d\/1n23A2Ez-80QExbNoY-1UGYHkuRu1yYdk\/view?usp=sharing\" target=\"_blank\" rel=\"noreferrer noopener\">OG\u00d3LNE WARUNKI UBEZPIECZENIA<\/a><\/li>\n\n\n\n<li><span style=\"color: #0000ff;\"><a href=\"https:\/\/drive.google.com\/file\/d\/1Bynzqikci-oU97Xn0oIlje5VK_2Wt4eF\/view?usp=sharing\" target=\"_blank\" rel=\"noreferrer noopener\">REGULAMIN BIBLIOTEKI<\/a><\/span><\/li>\n\n\n\n<li><span style=\"color: #0000ff;\"><a href=\"https:\/\/drive.google.com\/file\/d\/1ZjL7QvmvkQVQl5QS317ciufhJuQV2VBi\/view?usp=sharing\" target=\"_blank\" rel=\"noreferrer noopener\">REGULAMIN ICIM<\/a><\/span><\/li>\n\n\n\n<li><a href=\"https:\/\/drive.google.com\/file\/d\/1RYwnv51i4q9Howv2hDJ8jFbHuq1YkAJY\/view?usp=sharing\" target=\"_blank\" rel=\"noreferrer noopener\">WF z AWF &#8211; Aktywny dzisiaj dla zdrowia w przysz\u0142o\u015b\u0107 &#8211; formularz samooceny<\/a><\/li>\n<\/ul>\n\n\n\n<p class=\"has-text-align-center\">&nbsp;<\/p>\n\n\n\n<p class=\"has-text-align-center\">&nbsp;<\/p>\n","protected":false},"excerpt":{"rendered":"<p>&nbsp; &nbsp;<\/p>\n","protected":false},"author":1,"featured_media":0,"parent":0,"menu_order":0,"comment_status":"closed","ping_status":"closed","template":"","meta":{"ngg_post_thumbnail":0,"footnotes":""},"class_list":["post-297","page","type-page","status-publish","hentry","two-columns"],"_links":{"self":[{"href":"http:\/\/zszychlin.com.pl\/index.php\/wp-json\/wp\/v2\/pages\/297","targetHints":{"allow":["GET"]}}],"collection":[{"href":"http:\/\/zszychlin.com.pl\/index.php\/wp-json\/wp\/v2\/pages"}],"about":[{"href":"http:\/\/zszychlin.com.pl\/index.php\/wp-json\/wp\/v2\/types\/page"}],"author":[{"embeddable":true,"href":"http:\/\/zszychlin.com.pl\/index.php\/wp-json\/wp\/v2\/users\/1"}],"replies":[{"embeddable":true,"href":"http:\/\/zszychlin.com.pl\/index.php\/wp-json\/wp\/v2\/comments?post=297"}],"version-history":[{"count":52,"href":"http:\/\/zszychlin.com.pl\/index.php\/wp-json\/wp\/v2\/pages\/297\/revisions"}],"predecessor-version":[{"id":20115,"href":"http:\/\/zszychlin.com.pl\/index.php\/wp-json\/wp\/v2\/pages\/297\/revisions\/20115"}],"wp:attachment":[{"href":"http:\/\/zszychlin.com.pl\/index.php\/wp-json\/wp\/v2\/media?parent=297"}],"curies":[{"name":"wp","href":"https:\/\/api.w.org\/{rel}","templated":true}]}}