{"id":313,"date":"2016-01-24T22:20:45","date_gmt":"2016-01-24T21:20:45","guid":{"rendered":"http:\/\/wp.zszychlin.com.pl\/?page_id=313"},"modified":"2024-09-11T20:31:55","modified_gmt":"2024-09-11T18:31:55","slug":"dla-rodzicow","status":"publish","type":"page","link":"http:\/\/zszychlin.com.pl\/index.php\/dla-rodzicow\/","title":{"rendered":"DLA RODZIC\u00d3W"},"content":{"rendered":"\n<p class=\"has-black-color has-pale-cyan-blue-background-color has-text-color has-background has-link-color has-medium-font-size wp-elements-189bf032a573befcfc71bb9308b107f6\"><strong>WARTO ODWIEDZI\u0106<\/strong>\/ <strong>PRZECZYTA\u0106<\/strong><\/p>\n\n\n\n<ul class=\"wp-block-list\">\n<li><a href=\"https:\/\/drive.google.com\/file\/d\/1pgiW8-MDWNSRZ588RjCTnFXdn-N_a8gm\/view?usp=sharing\" target=\"_blank\" rel=\"noreferrer noopener\">DZIECI W WIRTUALNYM \u015aWIECIE<\/a><\/li>\n\n\n\n<li>NASTOLATEK W WIRTUALNYM TUNELU<\/li>\n\n\n\n<li><a href=\"https:\/\/drive.google.com\/file\/d\/1Hb6lkRSw_EQ_11XN4BgABbwSyd80uWE7\/view?usp=sharing\" target=\"_blank\" rel=\"noreferrer noopener\">FONOHOLIZM- ZAPOBIEGANIE<\/a><\/li>\n\n\n\n<li><a href=\"https:\/\/drive.google.com\/file\/d\/0BygIRxeub_xlUzRHMWFNVGN0OGc\/view?usp=sharing\">JAK BUDOWA\u0106 RELACJE<\/a><\/li>\n\n\n\n<li>DZIECKO W ROZWODZIE<\/li>\n\n\n\n<li>JAK M\u00d3WI\u0106 \u017bEBY DZIECKO NAS S\u0141UCHA\u0141O?<\/li>\n\n\n\n<li>JAK POMAGA\u0106 DZIECKU W NAUCE?<\/li>\n\n\n\n<li>JAK POM\u00d3C DZIECKU DOROSN\u0104\u0106?<\/li>\n\n\n\n<li>KRZYWDZENIE DZIECKA W RODZINIE Z PROBLEMEM ALKOHOLOWYM<\/li>\n\n\n\n<li>WYDZIA\u0141 PREWENCJI KWP<\/li>\n\n\n\n<li>WYJAZD RODZIC\u00d3W ZA GRANIC\u0118- PRZEPISY<\/li>\n\n\n\n<li>DOPALACZE<\/li>\n\n\n\n<li>NARKOTYKI<\/li>\n\n\n\n<li>ZA\u017bYJ DAWK\u0118 WIEDZY<\/li>\n\n\n\n<li><a href=\"http:\/\/fdn.pl\/\" target=\"_blank\" rel=\"noreferrer noopener\">FUNDACJA DZIECI NICZYJE<\/a><\/li>\n\n\n\n<li><a href=\"http:\/\/www.narkomania.org.pl\/\" target=\"_blank\" rel=\"noreferrer noopener\">PORADNIA NARKOMANIA<\/a><\/li>\n<\/ul>\n\n\n\n<p class=\"has-black-color has-pale-cyan-blue-background-color has-text-color has-background has-link-color has-medium-font-size wp-elements-62dda9bc2a5f97056485cd46ed85722e\"><strong>WA\u017bNE ADRESY<\/strong><\/p>\n\n\n\n<ul class=\"wp-block-list\">\n<li><a href=\"http:\/\/www.kbpn.gov.pl\/\" target=\"_blank\" rel=\"noreferrer noopener\">www.kbpn.gov.pl<\/a><\/li>\n\n\n\n<li><a href=\"http:\/\/www.politykanarkotykowa.pl\/\" target=\"_blank\" rel=\"noreferrer noopener\">www.politykanarkotykowa.pl<\/a><\/li>\n\n\n\n<li><a href=\"http:\/\/www.narkomania.org.pl\/\" target=\"_blank\" rel=\"noreferrer noopener\">www.narkomania.org.pl<\/a><\/li>\n\n\n\n<li><a href=\"http:\/\/www.redukcjaszkod.pl\/\" target=\"_blank\" rel=\"noreferrer noopener\">www.redukcjaszkod.pl<\/a><\/li>\n\n\n\n<li><a href=\"http:\/\/www.skaids.org\/\" target=\"_blank\" rel=\"noreferrer noopener\">www.skaids.org<\/a><\/li>\n\n\n\n<li><a href=\"http:\/\/www.hfhr.pl\/\" target=\"_blank\" rel=\"noreferrer noopener\">www.hfhr.pl<\/a><\/li>\n<\/ul>\n","protected":false},"excerpt":{"rendered":"<p>WARTO ODWIEDZI\u0106\/ PRZECZYTA\u0106 WA\u017bNE ADRESY<\/p>\n","protected":false},"author":1,"featured_media":0,"parent":0,"menu_order":0,"comment_status":"closed","ping_status":"closed","template":"","meta":{"ngg_post_thumbnail":0,"footnotes":""},"class_list":["post-313","page","type-page","status-publish","hentry","two-columns"],"_links":{"self":[{"href":"http:\/\/zszychlin.com.pl\/index.php\/wp-json\/wp\/v2\/pages\/313","targetHints":{"allow":["GET"]}}],"collection":[{"href":"http:\/\/zszychlin.com.pl\/index.php\/wp-json\/wp\/v2\/pages"}],"about":[{"href":"http:\/\/zszychlin.com.pl\/index.php\/wp-json\/wp\/v2\/types\/page"}],"author":[{"embeddable":true,"href":"http:\/\/zszychlin.com.pl\/index.php\/wp-json\/wp\/v2\/users\/1"}],"replies":[{"embeddable":true,"href":"http:\/\/zszychlin.com.pl\/index.php\/wp-json\/wp\/v2\/comments?post=313"}],"version-history":[{"count":4,"href":"http:\/\/zszychlin.com.pl\/index.php\/wp-json\/wp\/v2\/pages\/313\/revisions"}],"predecessor-version":[{"id":17700,"href":"http:\/\/zszychlin.com.pl\/index.php\/wp-json\/wp\/v2\/pages\/313\/revisions\/17700"}],"wp:attachment":[{"href":"http:\/\/zszychlin.com.pl\/index.php\/wp-json\/wp\/v2\/media?parent=313"}],"curies":[{"name":"wp","href":"https:\/\/api.w.org\/{rel}","templated":true}]}}